Determine w(d).
-9
Let o(q) = -q - 2. Let b be ((-2)/(-1))/(5 + -7) + 14. Suppose 3*m + 8 = -b. Determine o(m).
5
Let z(y) be the first derivative of -27*y**2/2 + 107*y - 2860. Calculate z(4).
-1
Let i(w) = -312710 - 312721 + 3*w + 625466. Give i(-21).
-28
Let o(a) be the second derivative of -a**4/12 - a**3/6 + 4*a**2 - 48*a. Let d = 61 - 65. Determine o(d).
-4
Let g(o) = -6*o - 44. Let n be 1*(-18 - 14/(-2)). Let m(u) = u + 9. Let c(h) = n*m(h) - 2*g(h). Calculate c(9).
-2
Let g(c) be the first derivative of 95 + 3/2*c**2 - 1/4*c**4 + 2*c + c**3. What is g(4)?
-2
Let b(w) = -w + 49. Let c = -1103 - -1120. Determine b(c).
32
Suppose -123 = -5*l - 8. Suppose -l*t + 119 + 42 = 0. Let s(i) = i**3 - 8*i**2 + 5*i - 3. What is s(t)?
-17
Let d be (16/1152*-12)/((-2)/18). Let h(a) be the first derivative of -6*a + 4 + d*a**2 + 1/3*a**3. What is h(4)?
22
Let o(s) = -2*s + 2. Let z(i) = 4*i + 3. Let w be ((-6)/18)/((-16)/(-48)). Let h(c) = w*z(c) - o(c). Calculate h(-3).
1
Let c(a) = a**2 + a - 1. Suppose -18 = -3*v - 3*n, 7*n = -3*v + 9*n + 28. Give c(v).
71
Suppose -4*g - 2767 = -y - 0*y, g - 3*y = -689. Let t = g - -689. Let b(x) = -6*x - 4. Give b(t).
14
Suppose -15 = -2*b + j, -2*j = -7*b + 3*j + 54. Let u(o) be the third derivative of -5/3*o**3 + 0*o + 3*o**2 + 1/12*o**4 + 0. Determine u(b).
4
Let i(v) = v**2 - 5*v - 6. Suppose 235 = -65*f + 690. What is i(f)?
8
Let i(m) be the first derivative of m**4/4 - 2*m**3/3 - 3*m**2 + 19*m - 3453. Calculate i(2).
7
Let t(c) be the first derivative of 1/3*c**3 + 5*c - 103 + 4*c**2. Give t(-9).
14
Let q(k) be the third derivative of -1/3*k**3 + 1/24*k**4 + 0 + 0*k - 208*k**2. Determine q(3).
1
Let n(z) = -z. Let r(p) be the first derivative of p**2/2 - 9*p - 32. Let u be r(6). Let l be n(u). Let t(v) = -v**2 + 2*v - 3. Give t(l).
-6
Let d(f) = 11*f**2 - 2*f + 17. Let j(k) = 85*k**2 - 16*k + 131. Let w(x) = -31*d(x) + 4*j(x). Calculate w(-1).
-2
Let n(o) = -2*o**3 + 4*o**2 - 3*o + 1. Let g be n(2). Let y(p) be the first derivative of 3*p**2/2 + p - 89. Calculate y(g).
-14
Suppose -5*c = 67*u - 64*u + 58, 2*u + 4*c = -44. Let z(h) = -h**2 + 16*h + 115. Give z(u).
-17
Let p(j) be the first derivative of -j**6/120 + j**5/10 - j**4/12 - j**3/3 + 61*j**2/2 + 185. Let s(d) be the second derivative of p(d). What is s(4)?
22
Suppose 46*l = 50*l - 20. Let x(v) = -v**3 + 7*v**2 - 3*v - 7. What is x(l)?
28
Let z(v) be the second derivative of v**5/20 + 5*v**4/12 + v**3/6 + 3*v**2 - v. Let n = -32 + 55. Suppose -4*k - 18 = 4*u - 2*u, -n = 5*k + 2*u. Calculate z(k).
1
Let n(y) = y**2 - 5*y + 6. Let f = 513 + -503. Suppose 0*a + 5*t - 14 = a, -a - t = -f. Give n(a).
12
Let f be (-36)/120*5*10. Let n(v) = -2*v**2 - 28*v + 22. What is n(f)?
-8
Let n(z) be the third derivative of 11*z**4/24 + 67*z**3/6 + 11576*z**2. Give n(-6).
1
Let m(l) be the first derivative of 2*l**3/3 - 9*l**2/2 + 8467. Calculate m(5).
5
Let n(g) = 4*g**2 + 7*g + 4. Suppose 0 = t - 2*k - 15, -3*t + 0*t + 2*k = -25. Let f(p) = 3*p**2 + 6*p + 4. Let j(q) = t*n(q) - 6*f(q). Calculate j(-3).
17
Let a(f) = -2*f + 9. Suppose 3*y + 99 = 9. Let o be ((-40)/15 + 3)/((-2)/y). Determine a(o).
-1
Let c(r) be the first derivative of 0*r**2 + 64 - 13/3*r**3 + r. Calculate c(-1).
-12
Suppose 49 = -76*w + 214 + 215. Let z(i) be the first derivative of i**2/2 - 10*i - 1. Determine z(w).
-5
Let y(m) = -78*m - 3. Let s(d) = 184*d + 4. Let g(f) = -3*s(f) - 7*y(f). What is g(-7)?
51
Let d(z) = -z**2 + z - 16. Let n(a) = -a**2 + 2*a - 38. Let b(r) = 2*d(r) - n(r). Calculate b(-2).
2
Let l(k) = 33 - 6*k + 26*k**2 + 19*k**2 - 44*k**2 - 36. Determine l(4).
-11
Let b(d) = d**3 - 19*d**2 + 2*d - 42. Let g be 0 + 26 - (-24)/(264/(-77)). What is b(g)?
-4
Let h(c) be the second derivative of c**4/12 - c**3/3 + 7*c**2 + 62*c. Give h(0).
14
Suppose -2*c - 21 = -2*b - b, -4*c - 32 = -4*b. Let z be 71 + (-2)/(-6)*(-14 + b). Let h = -65 + z. Let r(d) = d**2 + d - 3. What is r(h)?
9
Let r(q) be the third derivative of -5*q**4/12 + q**3/3 + 2202*q**2. Calculate r(0).
2
Let a(f) be the second derivative of f**4/6 - 2*f**3/3 - 7*f**2 + 9247*f. Calculate a(9).
112
Let n(o) = -2 + 2403*o**2 - 2405*o**2 - 8*o + 17*o. What is n(-4)?
-70
Let v be (-6)/1 + (-226 - 25). Let y = v - -253. Let f(u) = u**2 + 7*u + 2. What is f(y)?
-10
Let m(h) be the second derivative of 7 - 1/12*h**4 + 11/3*h**3 - 14*h**2 + h. What is m(21)?
-7
Let d(i) = -i**2 - 16*i - 58. Let f = 11320 + -11326. Determine d(f).
2
Let k(t) = -t - 5. Let q(s) = -s - 5. Let n(a) = 4*k(a) - 5*q(a). Let w(v) = v**2 + 2*v - 5. Let m be w(6). Suppose -11*h - 45 - m = 0. Determine n(h).
-3
Let z = -156 - -174. Let d(f) = -7*f - 2*f - z + 24 + f**2 + 0*f. Calculate d(5).
-14
Suppose -3*w - 2*q = -71, 20*w - 22*w - 5*q = -40. Let y(n) = n**2 - 26*n + 13. Calculate y(w).
-12
Let c(p) = 2*p - 14. Let r be c(4). Let s(m) be the first derivative of m**3/3 + 7*m**2/2 + m + 25. Calculate s(r).
-5
Let i(h) = h**2 - 24. Let g(b) = 10*b**2 + 4*b. Let l be g(-2). Let q be (7 + -6)/(-1 - l/(-30)). Suppose 2*p - 20 = 4*c, 2*c = 3*p + 5*c + q. What is i(p)?
-24
Let w(j) = -12*j**2 - 10 + 6 - 11*j + 13*j**2 + 19 + 19. What is w(12)?
46
Let u(s) = -s**2 - 1. Let n(x) = 5 - 164*x - 27 + 158*x. Let g be n(-4). Give u(g).
-5
Let n(m) = 7*m + 10. Let u(i) = -i - 1. Let y(q) = 4*q - 47. Let b be y(11). Let x(r) = b*u(r) - n(r). Determine x(-3).
5
Let y be (-27)/15 - (-18)/(-20)*12/54. Let u(i) = 2*i**2 + 2*i - 3. What is u(y)?
1
Let n = -899 - -902. Let z(g) = 1856 + g**n - 2*g + g**2 - 1855 + 2*g**2. Give z(-4).
-7
Let r(i) = -7*i - 2. Let o(z) = -18 + 52 + 12*z - 16 + 2*z - 13. Let a(v) = 4*o(v) + 7*r(v). Determine a(-3).
-15
Let q(z) = -z**3 + 6*z**2 - 4. Let i = -26 - -34. Let l be (i/2 - 0) + -3. Let k = l + 5. Determine q(k).
-4
Let m(q) = 15*q**3 + 2*q**2 - 3*q + 1. Let h be m(1). Suppose -15*o + h = -10*o. Let u(l) = o + 5*l - 3 - 4*l. What is u(-6)?
-6
Suppose 248 = -20*r + 228. Let t(g) = 0*g**2 - 2*g**3 + g**2 - g - 17*g**3 - 1. Calculate t(r).
20
Suppose 0 = 4*s + 2*z + 3*z - 82, 5*s = -z + 113. Suppose -s*c + 31*c = 24. Let m(h) = h**3 - h**2 - 5*h - 1. Give m(c).
2
Let t(z) = -83*z + 16. Let j(r) = -41*r + 1. Let y(h) = -4*j(h) + 2*t(h). Determine y(10).
8
Suppose -27*p - 6740 = -6416. Let y(c) = -c**3 - 12*c**2 + 8*c + 113. Calculate y(p).
17
Let a be (4 - 6/1) + -19. Let l = -9 - a. Let f(o) = -l + 12 + 4*o + 1. Give f(-3).
-11
Let n(l) = 6*l**2 + l. Let v be n(-1). Let u(g) = -7*g**2 - 3*g + 10. Let c(p) = 8*p**2 + 4*p - 11. Let d(a) = 6*c(a) + 7*u(a). What is d(v)?
-6
Let d = 684 - 691. Let m(x) be the second derivative of 2*x**3/3 + 8*x**2 - x - 4. What is m(d)?
-12
Let l(i) = i**2 - 31*i + 184. Let o be l(9). Let b(r) = -48*r**2 + 4*r - r**3 + 11*r + 35*r**2 + 18. Determine b(o).
4
Let n(u) = u + 3. Let s be 4790/14 - 12/84. Let g be s/48 - 2/16. What is n(g)?
10
Let j(b) = 3*b**2 - 11*b - 2. Let d be ((-19474)/147)/(-26) + (-2)/21. Give j(d).
18
Let w = -8 - -10. Suppose -5*m - 14 - 6 = -n, -5*n + w*m + 31 = 0. Let i(v) be the first derivative of v**2/2 - 11*v - 747. Determine i(n).
-6
Let y(r) = 2*r**2 - 3*r - 8. Suppose -o + 2*o + 17 = 4*n, -o = -2*n + 7. What is y(n)?
27
Let j(o) be the third derivative of o**4/12 + o**3/3 - o**2. Let t = 336 + -142. Let x = t + -198. Give j(x).
-6
Let q(i) = -4*i**2 + 2*i**2 + 13*i**2 - 8*i - 13 - i**3 - 22 + 21. What is q(10)?
6
Suppose 24 = -5*c - 6. Let q be c/(-12) - (-6)/4. Suppose v + 3*m = -6, -q*m - 2*m = 4. Let l(p) = 2*p**2 + 4*p + 2. What is l(v)?
8
Suppose 0 = -2*b + 3*j - 27, b + 5*j - 4*j + 1 = 0. Let o(l) = -1 - 5 - l + 3. Calculate o(b).
3
Let c = -8858 - -8891. Let d(z) = -z**2 + 28*z + 166. Calculate d(c).
1
Let j(s) be the third derivative of -s**6/120 - 7*s**5/20 + 25*s**4/12 + 31*s**3/3 + s**2 - 54*s - 8. Give j(-23).
-30
Let d(f) = -f**3 + f**2 + f + 3. Let c be d(0). Let i(p) = 3*p + 2*p**2 - 7*p - c*p**2 + 0*p**2 + 8. Let q(s) = s + 1. Let t be q(-8). What is i(t)?
-13
Let a(i) = 4*i + 3*i**3 + 7*i**2 + 3 + i + 3*i. Let c(r) = -4*r**3 - 7*r**2 - 8*r - 2. Let v(u) = -5*a(u) - 4*c(u). What is v(8)?
-7
Suppose i = 5*g - 19, 4*i - 6 = -5*g - 7. Suppose -o + 1 = 2*j - 3, g*j + o = 6. Let q(p) = p**3 - 2*p. What is q(j)?
4
Let l(r) = -169*r + 340. Let y be l(2). Let f(x) be the s